5*g - 3*z + 20 = 0, 3*g = y*g + 5*z - 26. Let l(a) = 908*a**2 - 1. Is l(g) a composite number?
False
Is (-7)/(-35) + (5 - 9 - (-339252)/15) prime?
True
Let p = 135 - 144. Is 1*(-7104)/p*3 - -3 a composite number?
False
Let y = -3227 - -11293. Suppose -11*q + y = -591. Is q a composite number?
False
Suppose -5*q + 4678 - 14025 = -2*a, 0 = -2*q - 10. Is a a composite number?
True
Let s(u) = 1132*u**2 + 12*u - 109. Is s(9) a prime number?
True
Let h be -321 - 8/12*6. Let y = -458 - h. Let t = -46 - y. Is t prime?
False
Let f = 6 + -46. Let h = 102 - 72. Is 7529/4 - h/f a composite number?
True
Suppose -681488 = -26*q + 10*q. Is q a composite number?
True
Suppose 0*f + 1 = -2*d - f, -d = 4*f - 3. Let r be (-20)/5*2*1*d. Suppose -r*x + 5*j = -3*x - 5275, -x = -4*j - 1055. Is x a prime number?
False
Suppose -1903*y = -1869*y - 13599490. Is y a composite number?
True
Let g = 9645 - 406. Is g prime?
True
Let y(s) = 3961*s**2 + 13*s - 17. Is y(5) a composite number?
True
Suppose 0 = -2*n - 19*n + 1042245 - 13812. Is n a composite number?
False
Suppose -4*f - t = -f + 127, -225 = 5*f - t. Let v = -39 - f. Suppose -5*w + 10490 = v*a, 1066 + 3165 = 2*w - 5*a. Is w a composite number?
True
Is 12 + (3836 - (30 + -15)) prime?
True
Suppose 4*w + h - 31 = 0, -2*w = 2*w + 4*h - 28. Suppose -w*z - 3*z = -4400. Let s = z + 85. Is s a prime number?
False
Let c(w) = -1382*w - 13291. Is c(-25) prime?
False
Let o = -128 - -137. Suppose 4156 = o*y - 85907. Is y composite?
False
Suppose -7865 = 5*b - 56005. Suppose -4*x = -16, 4*x = 4*k - 0*x - b. Is k composite?
False
Let a be (1 - -3)/((-2)/1). Let g be (1 - (0 - 0/a)) + 2148. Let y = 3910 - g. Is y a composite number?
True
Let t = 214562 - 89109. Is t a composite number?
False
Let q(u) = -u**2 + 29*u + 115. Let b be q(16). Let t = -165 - -289. Let l = b + t. Is l prime?
False
Let j(a) = 418*a**2 - 33*a + 202. Is j(9) prime?
False
Let w(h) = 28*h**2 - 2*h - 6. Let s be w(7). Suppose -53*p - 79 = -291. Suppose -r - 2030 = -3*q, -2*q + s = -p*r + 2*r. Is q a prime number?
True
Suppose 2072*c - 20632 = 2064*c. Is c a prime number?
True
Let t = 413759 + -182590. Is t composite?
False
Let a = -412 + 420. Suppose -3*z = -3*b + 18369, -18371 = -3*b - 4*z + a*z. Is b a prime number?
True
Let l = 37060 + 29182. Suppose -l = -4*t + 2*a, a = -t - 73 + 16635. Is t composite?
False
Suppose 2*a = 4*r - 12, 3 = r - 4*a - a. Suppose 0 = 5*n - w - 2930, -2*n - 196 + 1385 = r*w. Is n a composite number?
False
Let w(z) = 24*z**2 + 5*z + 6. Suppose 28*n - 29*n + 5 = 0. Let s be w(n). Suppose 11*q - 11172 = s. Is q a composite number?
True
Suppose -21*m + 16315 = -6*m - 80720. Is m prime?
True
Is 40884*(-4)/112*-7 prime?
False
Let v be (28/8 + -4)*-84. Let n = v + -38. Suppose 2*u = n*u - 238. Is u a composite number?
True
Let m = 22315 + -14568. Is m composite?
True
Suppose -b + 168 = -4*b - a, a - 112 = 2*b. Is (930/60)/(2*(-2)/b) a composite number?
True
Is (18 + -145981)*(-1)/1 composite?
False
Let u = -67876 - -120255. Is u a prime number?
True
Suppose 25 = -c - 3*c + 5*p, -p + 1 = 0. Let h(i) = 52*i + 15 - 46*i - 17*i**2 - 1 + 20*i**2. Is h(c) a prime number?
True
Let w = 29042 - -116075. Is w a prime number?
False
Suppose 14*i + 307135 = 17*i - 4*p, 4*i + p - 409545 = 0. Is i composite?
True
Let p(i) = i**2 + 22*i + 22. Let l(k) = 2*k**2 - 4*k + 17. Let d be l(4). Is p(d) a composite number?
True
Suppose 8*o = -6*o + 162974. Suppose 0 = -3*h - 4*h + o. Is h prime?
True
Suppose 2*h = -5*y + 4*y + 7590, -3*h + 11385 = -5*y. Suppose w + 4*r = 3841, -h - 11551 = -4*w + 2*r. Is w a composite number?
True
Let f = -72711 - -512530. Is f a prime number?
False
Let b(w) = 161 - 149 + 61*w**3 + 0*w - 9*w + 5*w**2. Is b(5) composite?
False
Suppose -10 + 5 = -5*q + 5*r, -3*r = 5*q - 29. Suppose 2*l - c = -l + 17861, -q*l + 23804 = 4*c. Is l prime?
True
Let w = 88784 - -4565. Is w a composite number?
True
Is 2550906/126 - (-6)/(-21) prime?
False
Is (-1)/(-1*2/(541442/11)) prime?
True
Let d = -215 - -219. Suppose d*w = -13*a + 14*a - 2591, w - 7734 = -3*a. Is a a prime number?
True
Is 52/(-16)*(-7232 + 28) a composite number?
True
Let m(b) be the third derivative of 1/6*b**3 + 0 + 21*b**2 + 0*b - 5/4*b**4. Is m(-17) composite?
True
Let w(m) = 13461*m + 6559. Is w(68) prime?
False
Is 61685290/110 + -10 - 16/44 a composite number?
True
Let g(i) = -i**2 + 10*i - 6. Let z be g(9). Suppose z*d + 0*p - 2*p - 2503 = 0, -2*d = -p - 1667. Suppose 4*y + d = 8027. Is y a prime number?
False
Suppose l = -5*s + 1187721, l - 3*s = 623324 + 564429. Is l a composite number?
False
Let t(m) = -18*m - 10. Let k be t(-4). Suppose -k = 6*j - 14. Is 1 - ((-4)/(-16) + 290/j) composite?
False
Let n(i) = 3*i + 22. Let f be n(-10). Let v(b) = -467*b + 7. Is v(f) prime?
False
Suppose -145*w + 141*w + l + 351061 = 0, -2*w + 4*l + 175506 = 0. Is w prime?
True
Let h = 347177 + -204003. Suppose -27*k = 7*k - h. Is k a prime number?
True
Let t = -2999 + 1323. Is 1/(6 + 10052/t) composite?
False
Let d(y) = -7*y + 77. Suppose 5*h - 23 = 32. Let t be d(h). Suppose -2*w + 2771 - 9 = t. Is w prime?
True
Suppose 65536 = 16*a + 20*a - 324956. Is a a composite number?
False
Let k be (-10)/(-3) + 2/(-6). Suppose -k*c = -0*c + 3*z, -5*c = -5*z - 20. Is (11732/(-70))/(c/(-10)) a composite number?
True
Let n(r) = 5*r - 16. Let o = 47 - 43. Let s be n(o). Suppose 0 = g + 5*p - 79, -5*g + s*p = p - 395. Is g prime?
True
Let m be -1 + (1 - -1) - -7. Let z = 1909 + -951. Suppose 0 = 6*a - m*a + z. Is a a composite number?
False
Let a(n) = -3*n + 64. Let b be a(20). Suppose 3*s - 8521 = -w, 0*s = -2*s - b*w + 5674. Is s a prime number?
False
Let t = -54 - -58. Suppose -11*k = t*k - 45. Suppose k*w - i - 388 = 0, w + 3*i - 215 = -69. Is w a prime number?
True
Let x(h) = 522*h**3 + 3*h**2 - h. Let k(p) = -522*p**3 - 3*p**2. Suppose 0 = -68*a + 72*a - 12. Let j(d) = a*k(d) + 2*x(d). Is j(-1) a composite number?
False
Is (4 - 23)/(-15 - 4560224/(-304016)) a composite number?
True
Suppose 0 = -t + 38 + 3. Suppose -46*v + t*v + 3845 = 0. Is v a prime number?
True
Suppose -5*c + 390260 = 5*l, -58*c + 21 = -61*c. Is l a composite number?
False
Let j be (-2)/(-7)*14 + 2 + 1. Suppose -2*m - 2*t + 16698 = 0, j*m + 3*t = 8*m - 8365. Is m composite?
False
Let h = -239 - -245. Is (-69322)/33*h/(-4) prime?
False
Suppose -3*m + 3*z - 6708 - 32862 = 0, 0 = 3*m + 2*z + 39560. Let f = -8559 - m. Is f a prime number?
False
Let i = 61126 + 264795. Is i prime?
True
Suppose -5*g = -3*q - 12467, -5*q + 4993 = 5*g - 3*g. Suppose -2*w = -4*u - g, 4*u + 0 = 4. Is w a prime number?
True
Let p(b) = b**2 + 3*b - 8. Let v be p(-4). Is (v*2/(-12))/((-18)/(-563571)) composite?
False
Let a(t) = -5*t + 1. Let l be a(-28). Suppose -2*u - 570 = -178. Let v = l - u. Is v a prime number?
True
Suppose 2*h + 0*h = 2*v + 70, -4 = 4*v. Let u be 4/1 - (-11 - 284) - (0 - 4). Let j = u + h. Is j a prime number?
True
Let w(h) = -h**3 + 4*h**2 + 13*h - 6. Let g be w(6). Suppose g = o + 3*o - 2864. Suppose -q + s + o = 0, -4*q = q + s - 3598. Is q prime?
True
Suppose -1285*o - 33632921 = -1313*o - 3336445. Is o a composite number?
False
Let m(d) = 0 + 195*d**2 - 7 - 28*d**2 - 8*d. Is m(4) a composite number?
False
Suppose -1801*a - 39190 - 66548 = -1807*a. Is a a composite number?
False
Let p = -186478 - -367959. Is p composite?
True
Suppose -32*g = -29*g + t - 530818, 5*t = -4*g + 707739. Is g a composite number?
True
Let q = 8487 - 4980. Suppose -4*j = a - q, a - 3972 + 469 = -3*j. Is a a prime number?
True
Suppose 3*x + 207 + 1068 = 0. Let f = -46 - x. Is f a prime number?
True
Let n = -104568 - -200639. Is n prime?
False
Let c be (3/6)/((-7)/(-88452)). Suppose -10*m + c = -7*m. Suppose -m = -11*a - 71. Is a a composite number?
True
Is 2/(6/(-18) - 0 - 7373205/(-22119453)) composite?
False
Suppose s + c - 1625 = -555, -5*c = -s + 1064. Let z = 330 - 722. Let n = s + z. Is n a composite number?
False
Suppose -4*y + 725301 = 108145. Is y a prime number?
False
Suppose 2*z + 87129 = y, -y - 3*z + 87094 = 2*z. Is y a prime number?
True
Let s(x) = 3*x**2 + 83*x + 0*x**2 + 0*x**2 + 33 + 53*x. Is s(36) prime?
False
Let m(f) = 9*f**2 + 12*f - 23. Suppose -5*n + 31 = -v, -5*v + 5*n - 6 = 69. Is m(v) composite?
True
Let x(f) = -1. Let i(h) = -1